[INFO] cloning repository https://github.com/AuroransSolis/Parker-Square
[INFO] running `Command { std: "git" "-c" "credential.helper=" "-c" "credential.helper=/workspace/cargo-home/bin/git-credential-null" "clone" "--bare" "https://github.com/AuroransSolis/Parker-Square" "/workspace/cache/git-repos/https%3A%2F%2Fgithub.com%2FAuroransSolis%2FParker-Square", kill_on_drop: false }`
[INFO] [stderr] Cloning into bare repository '/workspace/cache/git-repos/https%3A%2F%2Fgithub.com%2FAuroransSolis%2FParker-Square'...
[INFO] running `Command { std: "git" "rev-parse" "HEAD", kill_on_drop: false }`
[INFO] [stdout] 375f7d11af17cd4ef2a6931801db0d67e8c966fd
[INFO] building AuroransSolis/Parker-Square against master#ff34b919075f35a1787659e9c448a34b06bab8de for issue-85264
[INFO] running `Command { std: "git" "clone" "/workspace/cache/git-repos/https%3A%2F%2Fgithub.com%2FAuroransSolis%2FParker-Square" "/workspace/builds/worker-14/source", kill_on_drop: false }`
[INFO] [stderr] Cloning into '/workspace/builds/worker-14/source'...
[INFO] [stderr] done.
[INFO] validating manifest of git repo https://github.com/AuroransSolis/Parker-Square on toolchain ff34b919075f35a1787659e9c448a34b06bab8de
[INFO] running `Command { std: "/workspace/cargo-home/bin/cargo" "+ff34b919075f35a1787659e9c448a34b06bab8de" "metadata" "--manifest-path" "Cargo.toml" "--no-deps", kill_on_drop: false }`
[INFO] started tweaking git repo https://github.com/AuroransSolis/Parker-Square
[INFO] finished tweaking git repo https://github.com/AuroransSolis/Parker-Square
[INFO] tweaked toml for git repo https://github.com/AuroransSolis/Parker-Square written to /workspace/builds/worker-14/source/Cargo.toml
[INFO] crate git repo https://github.com/AuroransSolis/Parker-Square already has a lockfile, it will not be regenerated
[INFO] running `Command { std: "/workspace/cargo-home/bin/cargo" "+ff34b919075f35a1787659e9c448a34b06bab8de" "fetch" "--manifest-path" "Cargo.toml", kill_on_drop: false }`
[INFO] running `Command { std: "docker" "create" "-v" "/var/lib/crater-agent-workspace/builds/worker-14/target:/opt/rustwide/target:rw,Z" "-v" "/var/lib/crater-agent-workspace/builds/worker-14/source:/opt/rustwide/workdir:ro,Z" "-v" "/var/lib/crater-agent-workspace/cargo-home:/opt/rustwide/cargo-home:ro,Z" "-v" "/var/lib/crater-agent-workspace/rustup-home:/opt/rustwide/rustup-home:ro,Z" "-e" "SOURCE_DIR=/opt/rustwide/workdir" "-e" "CARGO_TARGET_DIR=/opt/rustwide/target" "-e" "CARGO_HOME=/opt/rustwide/cargo-home" "-e" "RUSTUP_HOME=/opt/rustwide/rustup-home" "-w" "/opt/rustwide/workdir" "-m" "1610612736" "--user" "0:0" "--network" "none" "ghcr.io/rust-lang/crates-build-env/linux@sha256:20528e8c29e4536546f0102ce88568b16ea7538393a33fcca951030f7af10457" "/opt/rustwide/cargo-home/bin/cargo" "+ff34b919075f35a1787659e9c448a34b06bab8de" "metadata" "--no-deps" "--format-version=1", kill_on_drop: false }`
[INFO] [stdout] 73c772128439bd0b0113403e7999cb2dfffe590f6cc95197ceab00ba570410a6
[INFO] [stderr] WARNING: Your kernel does not support swap limit capabilities or the cgroup is not mounted. Memory limited without swap.
[INFO] running `Command { std: "docker" "start" "-a" "73c772128439bd0b0113403e7999cb2dfffe590f6cc95197ceab00ba570410a6", kill_on_drop: false }`
[INFO] running `Command { std: "docker" "inspect" "73c772128439bd0b0113403e7999cb2dfffe590f6cc95197ceab00ba570410a6", kill_on_drop: false }`
[INFO] running `Command { std: "docker" "rm" "-f" "73c772128439bd0b0113403e7999cb2dfffe590f6cc95197ceab00ba570410a6", kill_on_drop: false }`
[INFO] [stdout] 73c772128439bd0b0113403e7999cb2dfffe590f6cc95197ceab00ba570410a6
[INFO] running `Command { std: "docker" "create" "-v" "/var/lib/crater-agent-workspace/builds/worker-14/target:/opt/rustwide/target:rw,Z" "-v" "/var/lib/crater-agent-workspace/builds/worker-14/source:/opt/rustwide/workdir:ro,Z" "-v" "/var/lib/crater-agent-workspace/cargo-home:/opt/rustwide/cargo-home:ro,Z" "-v" "/var/lib/crater-agent-workspace/rustup-home:/opt/rustwide/rustup-home:ro,Z" "-e" "SOURCE_DIR=/opt/rustwide/workdir" "-e" "CARGO_TARGET_DIR=/opt/rustwide/target" "-e" "CARGO_INCREMENTAL=0" "-e" "RUST_BACKTRACE=full" "-e" "RUSTFLAGS=--cap-lints=forbid" "-e" "CARGO_HOME=/opt/rustwide/cargo-home" "-e" "RUSTUP_HOME=/opt/rustwide/rustup-home" "-w" "/opt/rustwide/workdir" "-m" "1610612736" "--user" "0:0" "--network" "none" "ghcr.io/rust-lang/crates-build-env/linux@sha256:20528e8c29e4536546f0102ce88568b16ea7538393a33fcca951030f7af10457" "/opt/rustwide/cargo-home/bin/cargo" "+ff34b919075f35a1787659e9c448a34b06bab8de" "build" "--frozen" "--message-format=json", kill_on_drop: false }`
[INFO] [stderr] WARNING: Your kernel does not support swap limit capabilities or the cgroup is not mounted. Memory limited without swap.
[INFO] [stdout] 2283c4959cba59c045b5cfab76406664ae1b1913f17e9908985adf0549574d80
[INFO] running `Command { std: "docker" "start" "-a" "2283c4959cba59c045b5cfab76406664ae1b1913f17e9908985adf0549574d80", kill_on_drop: false }`
[INFO] [stderr]    Compiling bit-vec v0.4.4
[INFO] [stderr]    Compiling num_cpus v1.7.0
[INFO] [stderr]    Compiling time v0.1.38
[INFO] [stderr]    Compiling magicsquared v0.1.0 (/opt/rustwide/workdir)
[INFO] [stdout] error[E0614]: type `u64` cannot be dereferenced
[INFO] [stdout]   --> src/main.rs:43:47
[INFO] [stdout]    |
[INFO] [stdout] 43 |             for x in (2..65536u64).filter(|x| *x.pow(2u32) % 24 == 1) {
[INFO] [stdout]    |                                               ^^^^^^^^^^^^
[INFO] [stdout] 
[INFO] [stdout] 
[INFO] [stdout] error[E0614]: type `u64` cannot be dereferenced
[INFO] [stdout]   --> src/main.rs:44:51
[INFO] [stdout]    |
[INFO] [stdout] 44 |                 for y in (2..65535u64).filter(|y| *y.pow(2u32) % 24 == 1).take_while(|y| *y < x) {
[INFO] [stdout]    |                                                   ^^^^^^^^^^^^
[INFO] [stdout] 
[INFO] [stdout] 
[INFO] [stdout] error[E0614]: type `u64` cannot be dereferenced
[INFO] [stdout]   --> src/main.rs:45:76
[INFO] [stdout]    |
[INFO] [stdout] 45 |                     for z in (2u64..).map(|z| z * threads + no).filter(|z| *z.pow(2u32) % 24 == 1).take_while(|z| *z < x - y) {
[INFO] [stdout]    |                                                                            ^^^^^^^^^^^^
[INFO] [stdout] 
[INFO] [stdout] 
[INFO] [stdout] error: aborting due to 3 previous errors
[INFO] [stdout] 
[INFO] [stdout] 
[INFO] [stdout] For more information about this error, try `rustc --explain E0614`.
[INFO] [stdout] 
[INFO] [stderr] error: could not compile `magicsquared`
[INFO] [stderr] 
[INFO] [stderr] To learn more, run the command again with --verbose.
[INFO] running `Command { std: "docker" "inspect" "2283c4959cba59c045b5cfab76406664ae1b1913f17e9908985adf0549574d80", kill_on_drop: false }`
[INFO] running `Command { std: "docker" "rm" "-f" "2283c4959cba59c045b5cfab76406664ae1b1913f17e9908985adf0549574d80", kill_on_drop: false }`
[INFO] [stdout] 2283c4959cba59c045b5cfab76406664ae1b1913f17e9908985adf0549574d80
